{"id":138,"date":"2022-11-01T18:44:31","date_gmt":"2022-11-01T18:44:31","guid":{"rendered":"https:\/\/corunarollerderby.es\/?page_id=138"},"modified":"2022-11-06T19:56:07","modified_gmt":"2022-11-06T19:56:07","slug":"sobre-nos","status":"publish","type":"page","link":"https:\/\/corunarollerderby.es\/?page_id=138","title":{"rendered":"Sobre n\u00f3s"},"content":{"rendered":"\n<h2 class=\"wp-block-heading\">Sobre n\u00f3s<\/h2>\n\n\n\n<div id=\"wp-block-themeisle-blocks-advanced-columns-2a1e37c2\" class=\"wp-block-themeisle-blocks-advanced-columns has-1-columns has-desktop-equal-layout has-tablet-equal-layout has-mobile-equal-layout has-vertical-unset\"><div class=\"wp-block-themeisle-blocks-advanced-columns-overlay\"><\/div><div class=\"innerblocks-wrap\">\n<div id=\"wp-block-themeisle-blocks-advanced-column-0b2c6dfd\" class=\"wp-block-themeisle-blocks-advanced-column\">\n<figure class=\"wp-block-image aligncenter size-large\"><img loading=\"lazy\" decoding=\"async\" width=\"1024\" height=\"557\" src=\"https:\/\/corunarollerderby.es\/wp-content\/uploads\/2022\/11\/DSC07511-1024x557.jpeg\" alt=\"\" class=\"wp-image-239\" srcset=\"https:\/\/corunarollerderby.es\/wp-content\/uploads\/2022\/11\/DSC07511-1024x557.jpeg 1024w, https:\/\/corunarollerderby.es\/wp-content\/uploads\/2022\/11\/DSC07511-300x163.jpeg 300w, https:\/\/corunarollerderby.es\/wp-content\/uploads\/2022\/11\/DSC07511-768x417.jpeg 768w, https:\/\/corunarollerderby.es\/wp-content\/uploads\/2022\/11\/DSC07511-1536x835.jpeg 1536w, https:\/\/corunarollerderby.es\/wp-content\/uploads\/2022\/11\/DSC07511-2048x1113.jpeg 2048w, https:\/\/corunarollerderby.es\/wp-content\/uploads\/2022\/11\/DSC07511-2000x1087.jpeg 2000w\" sizes=\"auto, (max-width: 1024px) 100vw, 1024px\" \/><\/figure>\n<\/div>\n<\/div><\/div>\n\n\n\n<div style=\"height:40px\" aria-hidden=\"true\" class=\"wp-block-spacer\"><\/div>\n\n\n\n<p>Somos un clube deportivo sen \u00e1nimo de lucro fundado no 2016 e competimos a nivel auton\u00f3mico dende 2017. Somos persoas apaixoadas da patinaxe co obxectivo de non s\u00f3 competir en Roller Derby, sen\u00f3n achegar a patinaxe a todo o mundo. Xogamos encontros oficiais e non oficiais en Espa\u00f1a e Portugal e organizamos diversas actividades sobre pat\u00edns coma roteiros pola cidade, clases no skatepark, visionados, entre outras moitas actividades que contan co obxectivo de mellorar a habilidade de patinaxe e o co\u00f1ecemento sobre a deporte.<\/p>\n\n\n\n<p>Coru\u00f1a Roller Derby Irmandi\u00f1as pertence \u00e1 Federaci\u00f3n Galega de Patinaxe e \u00e9 membro da Asociaci\u00f3n Roller Derby Espa\u00f1a.<\/p>\n\n\n\n<p><\/p>\n\n\n\n<div style=\"height:80px\" aria-hidden=\"true\" class=\"wp-block-spacer\"><\/div>\n\n\n\n<div class=\"wp-block-columns is-layout-flex wp-container-core-columns-is-layout-28f84493 wp-block-columns-is-layout-flex\">\n<div class=\"wp-block-column is-layout-flow wp-block-column-is-layout-flow\" style=\"flex-basis:25%\"><\/div>\n\n\n\n<div class=\"wp-block-column is-layout-flow wp-block-column-is-layout-flow\" style=\"flex-basis:50%\">\n<div class=\"wp-block-columns is-layout-flex wp-container-core-columns-is-layout-28f84493 wp-block-columns-is-layout-flex\">\n<div class=\"wp-block-column is-layout-flow wp-block-column-is-layout-flow\">\n<figure class=\"wp-block-image aligncenter size-full is-resized\"><img loading=\"lazy\" decoding=\"async\" src=\"https:\/\/corunarollerderby.es\/wp-content\/uploads\/2022\/11\/logo-fgp.png\" alt=\"\" class=\"wp-image-139\" width=\"119\" height=\"119\" srcset=\"https:\/\/corunarollerderby.es\/wp-content\/uploads\/2022\/11\/logo-fgp.png 225w, https:\/\/corunarollerderby.es\/wp-content\/uploads\/2022\/11\/logo-fgp-150x150.png 150w\" sizes=\"auto, (max-width: 119px) 100vw, 119px\" \/><\/figure>\n<\/div>\n\n\n\n<div class=\"wp-block-column is-layout-flow wp-block-column-is-layout-flow\">\n<figure class=\"wp-block-image aligncenter size-large is-resized\"><img loading=\"lazy\" decoding=\"async\" src=\"https:\/\/corunarollerderby.es\/wp-content\/uploads\/2022\/11\/LOGO-ARDE-1024x917.png\" alt=\"\" class=\"wp-image-140\" width=\"205\" height=\"183\" srcset=\"https:\/\/corunarollerderby.es\/wp-content\/uploads\/2022\/11\/LOGO-ARDE-1024x917.png 1024w, https:\/\/corunarollerderby.es\/wp-content\/uploads\/2022\/11\/LOGO-ARDE-300x269.png 300w, https:\/\/corunarollerderby.es\/wp-content\/uploads\/2022\/11\/LOGO-ARDE-768x688.png 768w, https:\/\/corunarollerderby.es\/wp-content\/uploads\/2022\/11\/LOGO-ARDE.png 1148w\" sizes=\"auto, (max-width: 205px) 100vw, 205px\" \/><\/figure>\n<\/div>\n<\/div>\n<\/div>\n\n\n\n<div class=\"wp-block-column is-layout-flow wp-block-column-is-layout-flow\" style=\"flex-basis:25%\"><\/div>\n<\/div>\n\n\n\n<div style=\"height:100px\" aria-hidden=\"true\" class=\"wp-block-spacer\"><\/div>\n","protected":false},"excerpt":{"rendered":"<p>Sobre n\u00f3s Somos un clube deportivo sen \u00e1nimo de lucro fundado no 2016 e competimos a nivel auton\u00f3mico dende 2017. Somos persoas apaixoadas da patinaxe co obxectivo de non s\u00f3 competir en Roller Derby, sen\u00f3n achegar a patinaxe a todo o mundo. Xogamos encontros oficiais e non oficiais en Espa\u00f1a e Portugal e organizamos diversas &hellip; <\/p>\n<p class=\"link-more\"><a href=\"https:\/\/corunarollerderby.es\/?page_id=138\" class=\"more-link\">Leer m\u00e1s<span class=\"screen-reader-text\"> \u00abSobre n\u00f3s\u00bb<\/span><\/a><\/p>\n","protected":false},"author":1,"featured_media":0,"parent":0,"menu_order":0,"comment_status":"closed","ping_status":"closed","template":"","meta":{"inspiro_hide_title":false,"footnotes":""},"class_list":["post-138","page","type-page","status-publish","hentry"],"_links":{"self":[{"href":"https:\/\/corunarollerderby.es\/index.php?rest_route=\/wp\/v2\/pages\/138","targetHints":{"allow":["GET"]}}],"collection":[{"href":"https:\/\/corunarollerderby.es\/index.php?rest_route=\/wp\/v2\/pages"}],"about":[{"href":"https:\/\/corunarollerderby.es\/index.php?rest_route=\/wp\/v2\/types\/page"}],"author":[{"embeddable":true,"href":"https:\/\/corunarollerderby.es\/index.php?rest_route=\/wp\/v2\/users\/1"}],"replies":[{"embeddable":true,"href":"https:\/\/corunarollerderby.es\/index.php?rest_route=%2Fwp%2Fv2%2Fcomments&post=138"}],"version-history":[{"count":10,"href":"https:\/\/corunarollerderby.es\/index.php?rest_route=\/wp\/v2\/pages\/138\/revisions"}],"predecessor-version":[{"id":259,"href":"https:\/\/corunarollerderby.es\/index.php?rest_route=\/wp\/v2\/pages\/138\/revisions\/259"}],"wp:attachment":[{"href":"https:\/\/corunarollerderby.es\/index.php?rest_route=%2Fwp%2Fv2%2Fmedia&parent=138"}],"curies":[{"name":"wp","href":"https:\/\/api.w.org\/{rel}","templated":true}]}}